 7, what is -204 - -14?
-160
In base 2, what is 110001011110 - -101?
110001100011
In base 3, what is -11 - -100?
12
In base 3, what is 202200 + -2?
202121
In base 2, what is -11000110010 + 10?
-11000110000
In base 13, what is -21 + -17?
-38
In base 5, what is -1 - -22210?
22204
In base 12, what is -b1b - -2?
-b19
In base 5, what is 1024 + 1?
1030
In base 8, what is -1 + -245?
-246
In base 12, what is 709a - -1?
709b
In base 7, what is -11052 + -2?
-11054
In base 2, what is 0 - 1111111?
-1111111
In base 9, what is 283 + 4?
287
In base 16, what is b + -25?
-1a
In base 14, what is -52 - -2b?
-25
In base 13, what is -c8 - 6?
-101
In base 3, what is -11 - 21002?
-21020
In base 2, what is -11001 - -11?
-10110
In base 14, what is 3 - -3?
6
In base 4, what is -2022 + 2?
-2020
In base 7, what is -3 + 1005?
1002
In base 6, what is 11 + -2?
5
In base 4, what is -112 + 102?
-10
In base 10, what is 821 - 3?
818
In base 10, what is -39 + 115?
76
In base 14, what is 84a3 - -1?
84a4
In base 11, what is 25 - -1a?
44
In base 12, what is -6729 - 1?
-672a
In base 6, what is -3225 + 35?
-3150
In base 14, what is c - -15?
23
In base 4, what is -3 + 13211?
13202
In base 13, what is 2 + -107?
-105
In base 15, what is -2 + -1172?
-1174
In base 3, what is -2120 - -11?
-2102
In base 13, what is 7c - 1?
7b
In base 12, what is 4a + -1?
49
In base 11, what is 1a - a?
10
In base 14, what is -b - -11?
4
In base 2, what is 1001001000011 - -11?
1001001000110
In base 10, what is -227 - -54?
-173
In base 9, what is -103 + 21?
-72
In base 15, what is -63 - -5?
-5d
In base 4, what is -2 + -3?
-11
In base 10, what is -6 + 1?
-5
In base 11, what is -894 - 3?
-897
In base 12, what is -11546 + -1?
-11547
In base 2, what is -1101 - -11100110?
11011001
In base 6, what is 2124 - 50?
2034
In base 16, what is 4 - -34?
38
In base 7, what is -3 + -1014?
-1020
In base 3, what is -1 - 2221012?
-2221020
In base 12, what is -20 + -5?
-25
In base 2, what is 1100010111 + -1?
1100010110
In base 2, what is 100101011 - -1?
100101100
In base 10, what is 2 - 4008?
-4006
In base 9, what is 4 + 4886?
5001
In base 8, what is -126 - -25?
-101
In base 8, what is 0 + 1325?
1325
In base 3, what is -11 + -12021?
-12102
In base 3, what is -1 - 12021?
-12022
In base 13, what is 1630 + -1?
162c
In base 5, what is 4 - 33?
-24
In base 2, what is 111010010 - 11?
111001111
In base 2, what is 1 + -1100?
-1011
In base 14, what is -13 - -293?
280
In base 4, what is 1021301 + -11?
1021230
In base 6, what is -3 - -3215?
3212
In base 10, what is -1 + 33?
32
In base 6, what is -104 + -5?
-113
In base 16, what is 36 - 7d?
-47
In base 6, what is -52 - -345?
253
In base 5, what is 302 + -23?
224
In base 6, what is 114 - 52?
22
In base 10, what is -44 + -10?
-54
In base 3, what is -101102 - 10?
-101112
In base 15, what is 8 - 109?
-101
In base 4, what is -11 - -3132?
3121
In base 8, what is -45 + -204?
-251
In base 10, what is 35174 + 2?
35176
In base 13, what is -74ac + 5?
-74a7
In base 16, what is -1dc - 5?
-1e1
In base 9, what is -13 - 60?
-73
In base 9, what is -42 - 4?
-46
In base 15, what is 23 - -9?
2c
In base 5, what is 3 + -41?
-33
In base 14, what is cb + 5?
d2
In base 6, what is 315 - -2?
321
In base 15, what is 9 + 8?
12
In base 13, what is -2 + 34b?
349
In base 8, what is 5 - -163?
170
In base 5, what is -2 + 10303?
10301
In base 11, what is 103 - -1?
104
In base 5, what is 2 + -140?
-133
In base 8, what is -6 - 27?
-35
In base 12, what is 81 + 2?
83
In base 14, what is 1b7 + 1?
1b8
In base 13, what is -1 - -a?
9
In base 15, what is -38 + 1a?
-1d
In base 6, what is -5525 + -4?
-5533
In base 3, what is 12 + 20002?
20021
In base 2, what is 110010 - -1110?
1000000
In base 3, what is 2101 + -11?
2020
In base 10, what is 51 + -7?
44
In base 14, what is 15 - -4?
19
In base 6, what is 50 - 104?
-14
In base 10, what is 0 - 57?
-57
In base 2, what is -10 + -100100?
-100110
In base 11, what is -8 + -825?
-832
In base 10, what is 44 - 50?
-6
In base 3, what is -1020020011 - -2?
-1020020002
In base 10, what is -99 - -9?
-90
In base 2, what is 10 - 10010?
-10000
In base 8, what is -326 + 1?
-325
In base 5, what is 2 - -22?
24
In base 13, what is -306 + -5?
-30b
In base 12, what is -7a + 5?
-75
In base 11, what is 6 - 807?
-801
In base 7, what is 13356 - 4?
13352
In base 15, what is -d - 29d?
-2ab
In base 12, what is 244 + 3?
247
In base 2, what is -100 + -101110100?
-101111000
In base 14, what is -29 - 5d?
-88
In base 11, what is -334 + -27?
-360
In base 9, what is 4 + 84?
88
In base 6, what is -5 + 2212?
2203
In base 15, what is -122 - 5?
-127
In base 12, what is -78 - a0?
-158
In base 4, what is -31 + -10?
-101
In base 12, what is 188 + -3b?
149
In base 2, what is -10 + -111100?
-111110
In base 9, what is 512 + -15?
486
In base 10, what is 1 - -62?
63
In base 11, what is -4 - -75a?
756
In base 11, what is 414 - 9?
406
In base 13, what is 5 - -4a?
52
In base 12, what is 5 + 27a5?
27aa
In base 16, what is 1 + 25?
26
In base 11, what is 3 - 360?
-358
In base 10, what is -31 + 3?
-28
In base 8, what is 11 + 7?
20
In base 4, what is -1 + 1130?
1123
In base 5, what is -304 - 43?
-402
In base 11, what is -10 + 4?
-7
In base 10, what is 3 + -22?
-19
In base 12, what is -242 - 5?
-247
In base 9, what is -2 + -6256?
-6258
In base 9, what is 5 + 502?
507
In base 14, what is -1 - -3?
2
In base 11, what is -6610 - 4?
-6614
In base 10, what is -4 - 13?
-17
In base 11, what is -1 - -741?
740
In base 11, what is 3650 + -4?
3647
In base 5, what is 1141 - -40?
1231
In base 5, what is 1300 - 3?
1242
In base 8, what is 4 - 1332?
-1326
In base 11, what is -939 - -6?
-933
In base 6, what is -5 + -1350?
-1355
In base 14, what is 13 + a?
1d
In base 5, what is 4140 + -10?
4130
In base 13, what is 938 + 3?
93b
In base 15, what is 3 - -10?
13
In base 3, what is -2 + 1110121?
1110112
In base 7, what is -20 + -43?
-63
In base 15, what is 5 + b22?
b27
In base 13, what is 7 + -1120?
-1116
In base 5, what is 4340 - -10?
4400
In base 2, what is -1010 - 0?
-1010
In base 12, what is 9 - -9?
16
In base 11, what is -150 - 2?
-152
In base 13, what is -7a8 - 2?
-7aa
In base 6, what is -1 + -34252?
-34253
In base 4, what is 111 - -32?
203
In base 9, what is 234 - 13?
221
In base 9, what is 5 + 77?
83
In base 5, what is 11 - -13403?
13414
In base 11, what is -11a - 2?
-121
In base 10, what is 186 + -4?
182
In base 12, what is 140 + -72?
8a
In base 5, what is 131 - -122?
303
In base 16, what is -225 - 0?
-225
In base 16, what is -161b + 1?
-161a
In base 10, what is -231 - 68?
-299
In base 11, what is 3 + 6?
9
In base 2, what is 10100 - 100?
10000
In base 15, what is 3 + -37?
-34
In base 6, what is -335 - -10?
-325
In base 9, what is 2730 + 2?
2732
In base 9, what is 233 + -2?
231
In base 10, what is -41 + -13?
-54
In base 11, what is 14 - 18?
-4
In base 16, what is -2 + d4a?
d48
In base 4, what is 122 + 20?
202
In base 15, what is -1 + d0?
ce
In base 6, what is 44223 - 3?
44220
In base 12, what is -6 - -1b?
15
In base 7, what is 11 - 4?
4
In base 14, what is 4 + -34?
-30
In base 7, what is 1 - 6312?
-6311
In base 11, what is -5 + -351?
-356
In base 2, what is 100 - -111001111?
111010011
In base 7, what is 31 + -214?
-153
In base 13, what is 39 + -191?
-155
In base 8, what is 7 - 1616?
-1607
In base 16, what is 1 + -d?
-c
In base 9, what is 42 - -54?
106
In base 16, what is -17 + -3e?
-55
In base 15, what is a - 6?
4
In base 8, what is 5 - 2303?
-2276
In base 13, what is -5 + -380?
-385
In base 9, what is -485 + -62?
-557
In base 13, what is 47 - -49?
93
In base 9, what is 0 - 467?
-467
In base 9, what is 2 + 1?
3
In base 13, what is 113 - -5?
118
In base 6, what is 535 + 5?
544
In base 10, what is -23 + -4?
-27
In base 2, what is 100010 + 0?
100010
In base 6, what is 3 - 144?
-141
In base 5, what is 32000 - -3?
32003
In base 12, what is 0 + b66?
b66
In base 10, what is -885 - 3?
-888
In base 13, what is -34 + -4?
-38
In base 9, what is 2 + -35?
-33
In base 6, what is 20 - -32?
52
In base 3, what is -20021 + -2?
-20100
In base 10, what is -21 - 2?
-23
In base 2, what is -1011010 + 1?
-1011001
In base 6, what is 1 - -203?
204
In base 4, what is -2201122 - 2?
-2201130
In base 10, what is 16 + -34?
-18
In base 13, what is -34 - 1b?
-52
In base 9, what is 0 - 2062?
-